l. Is f composite?
True
Suppose 0 = -61*w - 151*w - 23*w + 376197635. Is w composite?
True
Suppose 5*i - 5*r = -0*i - 10, 2*r = -i + 13. Suppose 1 = i*s + 7. Is s*(2515/(-10) + 2) a prime number?
True
Let u(v) = -12 - 8 + 9 + 3*v**2 + 10*v**2 - 28*v - 27. Is u(25) a prime number?
False
Suppose -6*z = -2*z + 2*z. Let y(m) = -20*m + 1709. Is y(z) a composite number?
False
Let l(d) = -20*d**3 + 2*d + 2. Let p be l(-1). Suppose -p = -4*c - c. Suppose -m + 653 = 3*w, 0*m + 5*m + c*w = 3298. Is m prime?
False
Let z = 339357 - 60068. Is z a prime number?
False
Let j(r) = r**3 - 89*r**2 - 319*r - 140. Is j(113) a prime number?
True
Let a = -5759 + 16582. Is a a prime number?
False
Let q(z) = 323*z**2 - 69*z + 523. Is q(27) composite?
True
Let c(q) = 216*q + 29*q**2 - 51 - 21*q + 12*q**2 + 39. Is c(-14) composite?
True
Let n(a) = -12*a**3 + 4*a**2 - 78*a - 13. Is n(-15) composite?
False
Let a(k) = -38*k - 228. Let v be a(-6). Let n(w) = 378 + 3*w**2 - 4*w**2 + 263. Is n(v) prime?
True
Let d be -5 + (-266)/(-49) - 553260/(-14). Suppose d = 2*z + 7*z. Is z composite?
False
Let h be (-4 - -973)*1/3. Let o = h + -189. Is o prime?
False
Suppose 0 = -f - 4*w + 306587, 5*f + 2*w - 6*w - 1532839 = 0. Is f a composite number?
True
Suppose -106*l - 66833021 = -281*l - 198*l. Is l composite?
True
Let a = 416 + -414. Suppose a*u - 3*z - 2089 = 0, 3*u - 5*z - 1011 = 2121. Is u prime?
True
Let o(l) be the first derivative of l**6/90 - 7*l**5/120 + l**4/24 - 2*l**3/3 - 22. Let k(n) be the third derivative of o(n). Is k(6) composite?
False
Suppose -58*p + 348870 = -53*p. Let h = p + -40765. Is h composite?
False
Suppose 4*b - 111392 = 157*z - 156*z, -5*z + 27827 = b. Is b prime?
True
Let a(f) = 137*f**2 - 46*f + 131. Let c = -767 + 785. Is a(c) composite?
False
Suppose 4*p - 614738 = -2*d, -2*d + 3*p = -3*d + 307373. Is d composite?
False
Let f(z) = 19*z + 62. Let d be f(20). Let h = -175 + d. Is h a composite number?
True
Let w = 878 + -32. Suppose 2*b + 218 = w. Let l = 93 + b. Is l a composite number?
True
Let z(o) = -466*o - 1687. Is z(-6) prime?
True
Suppose -35 + 10 = -3*n - 5*b, -3*b = 3*n - 21. Suppose -n*s - 3*q = -6734, s + 3*s - 5389 = -3*q. Is s a composite number?
True
Let y(z) = -103386*z**3 + 5*z**2 + 18*z + 14. Is y(-1) a prime number?
True
Let a(p) = -p**2 + 60*p + 276. Let h be a(56). Let y be 106/2*(-7 + 2). Let q = y + h. Is q prime?
False
Let d = 38617 - -9290. Suppose 3*b + d = 3*z, -b + 5*z = z + 15966. Is b/(-18) - -2*6/(-54) a composite number?
False
Let u(y) = 9*y**3 - 14*y**2 - 26*y + 3. Let i be u(-9). Let w = 17113 + i. Is w a composite number?
True
Let v(n) = n + 13. Let t be v(-10). Is t/(6 - (-25235)/(-4207)) a composite number?
True
Let x(z) = -z**2 - 7*z + 5. Let c(g) = -3*g**2 - 21*g + 14. Let w(u) = -2*c(u) + 7*x(u). Let s be w(-7). Suppose -13*i = -s*i - 222. Is i composite?
False
Suppose 4*j + 36*g - 723175 = 39*g, -4*j + 5*g + 723177 = 0. Is j a prime number?
True
Let g(s) = 8*s**2 - 57*s + 10026. Is g(-187) a prime number?
False
Let u(j) = -42*j + 297. Let x be u(7). Suppose 174929 = x*t - 5*a, 0*t + 5*a = -t + 58283. Is t a composite number?
True
Suppose -346*l + 701*l - 3914521 = 342*l. Is l a prime number?
False
Let f(p) = p**3 + 23*p**2 + 8*p - 9. Let o be f(-19). Let q = o - 670. Is q a prime number?
True
Let d = 994708 - 621015. Is d prime?
True
Let r(w) = 2*w**3 + 14*w**2 + 12*w - 2. Let p be r(-6). Is 16/p*-1 - -8075 composite?
True
Suppose 96*s - 92*s = -115552. Is (-6 - s/8) + 2 composite?
False
Is ((-3633813)/(-15) + 0)*((-517)/(-33) - 14) a composite number?
False
Suppose -30*r - 5*j = -33*r + 718276, -j - 478839 = -2*r. Is r a composite number?
False
Let g be (19 - 16)*(-4)/(-6). Is (-19590)/12*g/(-5) a composite number?
False
Let c = 1232 + 629. Is c a composite number?
False
Suppose -8*v = 58 - 50. Is 4 + v + (2122 + -1 - -5) composite?
False
Let t(o) = 35*o**3 + o**2 - 12*o + 2. Let n(g) = -g. Let l(s) = 3*n(s) - t(s). Is l(-4) a prime number?
False
Let m = -121 - 91. Let f(j) = -109*j + 13. Let i be f(4). Let v = m - i. Is v composite?
False
Is (-12)/(-3) + 282474 + -17 a prime number?
True
Let m(s) = -39038*s**3 + 57*s**2 + 113*s + 15. Is m(-2) a prime number?
False
Suppose -2*n = -6, -n + 6*n + 5637 = -2*s. Let a = 4223 + s. Is a prime?
False
Let b = 174 - 171. Suppose -4*g + 51040 = o, 3*g - 38281 = b*o - 4*o. Is g composite?
True
Let h be (-5)/(-3)*159 + 1*-2. Suppose -5478 = -5*r + 2*s - h, 3*s = -5*r + 5190. Is r a prime number?
False
Let a = 279 + -277. Suppose -4*d = -2*d - 5742. Suppose 7*s = -a*s + d. Is s a prime number?
False
Suppose 0 = 37*h - 42*h - x + 1310162, -3*x - 262042 = -h. Is h prime?
False
Is -4 + 18 + -16 + (-2 - -602982)/4 a composite number?
False
Suppose -13*z - 423290 = -18*z + s, 338656 = 4*z + 4*s. Is z prime?
True
Suppose -1101810 = -37*j + 1396911. Suppose 0 = -5*w + 5*t + 84420, -2*w + j = 2*w - t. Is w composite?
False
Let s(p) = -p**3 - p**2 - p. Let q(w) = 34*w**3 + 8*w**2 + 6*w + 1. Let v(d) = -q(d) - 5*s(d). Suppose -4*n - n = 10. Is v(n) composite?
True
Is 17 - (-533566)/77 - (-1 + 6/14) prime?
True
Suppose 4*a - 36 = -j, 4*a + 5 = -3*j + 49. Suppose 10*w - 5*m - 45221 = a*w, 2*m = w - 22609. Is w a composite number?
True
Let a(f) = -342*f + 371. Let m(l) = 685*l - 746. Let z(o) = 5*a(o) + 2*m(o). Is z(-13) composite?
False
Suppose -2*p + 3*j = -5*p, -5*j - 45 = -4*p. Let o(v) = 617*v**2 - 8*v + 42. Is o(p) a composite number?
False
Is (2 - -764072)/(6 - 0 - 4) a prime number?
True
Let p(j) = 15*j**2 - 9*j + 93. Let n be p(-9). Let i = n - -1997. Is i composite?
True
Suppose -3*p + 48 = 3*m, 16 - 86 = -4*p + 2*m. Suppose 40754 + 260775 = p*z. Is z prime?
True
Let n = -92409 - -171980. Is n a prime number?
False
Let z be (7161/22)/21 - (-3)/(-2). Let b(r) = 2*r**3 - 19*r**2 - 2*r - 19. Is b(z) a prime number?
False
Let d(f) = -27*f**3 + 3*f - 1. Suppose -5*b + 72 = -4*m, 4*m = 3*b - m - 51. Suppose -2*y = 2*y + b. Is d(y) composite?
False
Let p = 4239 - 319. Let j = 628 - 367. Let v = p - j. Is v composite?
False
Let u(o) = -5*o - 19. Let q be u(-14). Let c = -56 + q. Is 1/(3/(-35025)*c) a prime number?
False
Suppose -q = 2*s - 36103 - 12002, 3 = 3*s. Is q a composite number?
True
Let f(d) = d**3 + 3*d**2 - 7*d - 4. Let r = -33 - -42. Let z be f(r). Suppose -6*t = -1381 - z. Is t a prime number?
False
Suppose 3*j + j = c - 29, 0 = -4*c + j + 146. Suppose -c*z - 4*z = -1133527. Is z composite?
False
Let a(f) = 10*f + 6. Let m be a(-1). Let i be 1/(m - 42/(-10)). Is 3 - (-404 - (i - 1)) a prime number?
False
Let r(x) = 7841*x**2 - 40*x + 109. Let h be r(3). Suppose h = 17*v - 45637. Is v prime?
False
Let i be 57212 - 6/42*0. Suppose 0 = -13*p + 9*p + f + i, 28612 = 2*p - 2*f. Is p prime?
False
Let p(m) = 15*m**3 - 2*m**2 + 3*m + 3. Let v be (-3 - -4) + 4 + -3. Suppose v*t + 4*x - 10 = 0, -3*t + 4*x + 15 = -x. Is p(t) composite?
True
Suppose 36*n + 15607087 = 339*n + 4233376. Is n prime?
True
Let v be 56/(-35)*(-15)/6. Let j(b) = 822*b + 11. Is j(v) a composite number?
False
Suppose -p - 22460 = -98049. Is p composite?
True
Suppose -5*g - 20 = 0, -5*g - 106 = w - 86. Let h be ((-3)/(-2))/((-2)/(-4)). Suppose w*k = h*k - 5541. Is k a prime number?
True
Let h(y) = -2*y**3 + 14*y**2 + 25*y + 2. Let s be h(8). Suppose 81*q = s*q + 20251. Is q prime?
False
Suppose -8*s - 40 = -18*s. Let h be 30*(-1 + (-1736)/6). Is 2/(s*(-5)/h) a composite number?
True
Suppose -55735 = -6*q + 16013. Let t = q - 6871. Is t a prime number?
True
Suppose -97*f + 2308 = -6325. Is f prime?
True
Suppose -3*l + 2*l + 1837 = 0. Suppose -34*w = -45*w + 33. Suppose 2*q - c - 888 = 0, -5*q + 372 = w*c - l. Is q composite?
False
Suppose 2242816 + 210402 + 5686970 = 12*y. Is y composite?
True
Let d(x) = x**3 + 11*x**2 + 19*x + 6. Let j be d(-9). Let b be (177/(-2))/j*(4 + -2). Suppose b*f - 58*f = 169. Is f composite?
True
Suppose -b - 3*q + 37697 = -26700, 3*b = 4*q + 193165. Is b a composite number?
True
Let m = 155 - 153. Let y be (10363 - 0) + (1 - m). Is (-7 - 133/(-21))*y/(-4) a prime number?
False
Let i be (-13 + -2)*-1 + -13. Suppose 0*m + 12 = -m - 4*r, -3*m - r - 3 = 0. Suppose 5*a + s - 3504 = m, 0*a - 4*a - i*s + 2802 = 0. Is a prime?
True
Suppose 2*r = -3*a + 2*a, -4*r - 4 = 4*a. Is (0 - (1610 